{"id":3706,"date":"2026-03-06T23:26:47","date_gmt":"2026-03-06T23:26:47","guid":{"rendered":"https:\/\/lightlifesystem.com\/?page_id=3706"},"modified":"2026-03-06T23:39:36","modified_gmt":"2026-03-06T23:39:36","slug":"aranduete-es","status":"publish","type":"page","link":"https:\/\/lightlifesystem.com\/?page_id=3706&lang=es","title":{"rendered":"Ara\u0144du\u00e9te es"},"content":{"rendered":"<div>\n<p>    <img decoding=\"async\" src=\"\/wp-content\/uploads\/2_.png\" alt=\"\"><\/p>\n<h2>Ara\u0144du\u00e9te<\/h2>\n<p>Nuevo m\u00e9todo natural para una salud humana saludable<\/p>\n<p><a href=\"https:\/\/clubedeautores.com.br\/livro\/aranduete-nuevo-metodo-natural-auxilio-en-la-salud-humana-integral\">comprar el libro<\/a><\/p>\n<\/div>\n<h1>Nuevo m\u00e9todo natural para la salud humana hol\u00edstica<\/h1>\n<h1>Las versiones en ingl\u00e9s y franc\u00e9s se est\u00e1n editando y estar\u00e1n disponibles pr\u00f3ximamente. Puede adquirir este libro ahora. Actualmente est\u00e1 disponible en espa\u00f1ol y portugu\u00e9s, en versi\u00f3n digital e impresa, a trav\u00e9s de las siguientes plataformas:<\/h1>\n<ul>\n<li>\n<p>        <img decoding=\"async\" src=\"\/wp-content\/uploads\/book.jpg\" alt=\"\"><\/p>\n<h2>AUTORES EDITORE<\/h2>\n<p>Espagnol<\/p>\n<p><a href=\"https:\/\/www.autoreseditores.com\/libro\/20755\/abel-lopez-aguilera-angeles-vargas\/aranduete-nuevo-metodo-natural.html#:~:text=Ara'ndu'e'te\">comprar el libro<\/a><\/p>\n<\/li>\n<li>\n<p>        <img decoding=\"async\" src=\"\/wp-content\/uploads\/book.jpg\" alt=\"\"><\/p>\n<h2>CLUBE DE AUTORES<\/h2>\n<p>Espagnol, Portugais<\/p>\n<p><a href=\"https:\/\/clubedeautores.com.br\/livro\/aranduete-nuevo-metodo-natural-auxilio-en-la-salud-humana-integral\">comprar el libro<\/a><\/p>\n<\/li>\n<li>\n<p>        <img decoding=\"async\" src=\"\/wp-content\/uploads\/book.jpg\" alt=\"\"><\/p>\n<h2>GOOGLE BOOKS<\/h2>\n<p>Espagnol<\/p>\n<p><a href=\"https:\/\/www.google.com.br\/books\/edition\/Aranduete_Nuevo_M\u00e9todo_Natural_Auxilio\/QGVtEAAAQBAJ?hl=pt- BR&#038;gbpv=1&#038;dq=aranduete+nuevo+metodo&#038;pg=PA16&#038;printsec=frontcover\">comprar el libro<\/a><\/p>\n<\/li>\n<\/ul>\n<h1>Para comentarios o preguntas, por favor cont\u00e1ctenos.<\/h1>\n<div><a href=\"mailto:aranduete244@gmail.com\">aranduete244@gmail.com<\/a><\/div>\n<h1>S\u00edguenos en las redes sociales<\/h1>\n<ul>\n<li><a href=\"https:\/\/www.facebook.com\/\">facebook<\/a>\n<\/li>\n<li><a href=\"https:\/\/www.instagram.com\/\">instagram<\/a>\n<\/li>\n<\/ul>\n<p><!--more--><br \/>\n<!-- {\"type\":\"layout\",\"children\":[{\"type\":\"section\",\"props\":{\"header_transparent\":true,\"header_transparent_noplaceholder\":true,\"header_transparent_text_color\":\"light\",\"image_position\":\"center-center\",\"padding_bottom\":\"none\",\"padding_top\":\"none\",\"style\":\"default\",\"title_breakpoint\":\"xl\",\"title_position\":\"top-left\",\"title_rotation\":\"left\",\"vertical_align\":\"middle\",\"width\":\"\"},\"children\":[{\"type\":\"row\",\"children\":[{\"type\":\"column\",\"props\":{\"image_position\":\"center-center\",\"position_sticky_breakpoint\":\"m\"},\"children\":[{\"name\":\"Slideshow Viewport Height Content Left\",\"type\":\"slideshow\",\"children\":[{\"type\":\"slideshow_item\",\"props\":{\"content\":\"\",\"image\":\"wp-content\/uploads\/2_.png\",\"link\":\"https:\/\/clubedeautores.com.br\/livro\/aranduete-nuevo-metodo-natural-auxilio-en-la-salud-humana-integral\",\"meta\":\"Nuevo m\u00e9todo natural para una salud humana saludable\",\"title\":\"Ara\u0144du\u00e9te\"}}],\"props\":{\"height_viewport\":\"viewport\",\"image_width\":\"2560\",\"link_margin\":\"large\",\"link_style\":\"primary\",\"link_text\":\"comprar el libro\",\"margin_bottom\":\"default\",\"margin_top\":\"default\",\"meta_align\":\"below-title\",\"meta_element\":\"div\",\"meta_style\":\"text-large\",\"nav\":\"thumbnav\",\"nav_align\":\"center\",\"nav_below\":false,\"nav_breakpoint\":\"\",\"nav_position\":\"bottom-center\",\"nav_position_margin\":\"medium\",\"nav_vertical\":false,\"overlay_animation\":\"parallax\",\"overlay_container\":\"default\",\"overlay_position\":\"center-left\",\"overlay_width\":\"large\",\"show_content\":true,\"show_link\":true,\"show_meta\":true,\"show_thumbnail\":true,\"show_title\":true,\"slidenav\":\"default\",\"slidenav_breakpoint\":\"m\",\"slidenav_hover\":true,\"slidenav_large\":true,\"slidenav_margin\":\"medium\",\"slidenav_outside_breakpoint\":\"xl\",\"slideshow_animation\":\"fade\",\"slideshow_autoplay\":false,\"slideshow_autoplay_pause\":true,\"slideshow_kenburns\":\"center-center\",\"slideshow_min_height\":\"700\",\"slideshow_velocity\":0.6,\"text_align\":\"left\",\"text_align_fallback\":\"center\",\"text_color\":\"light\",\"thumbnav_height\":\"75\",\"thumbnav_shrink\":true,\"thumbnav_svg_color\":\"emphasis\",\"thumbnav_width\":\"100\",\"title_element\":\"h2\",\"title_hover_style\":\"reset\",\"title_style\":\"heading-xlarge\"}}]}]}]},{\"name\":\"natural\",\"type\":\"section\",\"props\":{\"animation\":\"fade\",\"animation_delay\":\"200\",\"header_transparent\":true,\"header_transparent_noplaceholder\":true,\"header_transparent_text_color\":\"dark\",\"height\":\"viewport\",\"id\":\"natural\",\"image_loading\":true,\"image_position\":\"center-center\",\"image_width\":\"1300\",\"padding_bottom\":\"large\",\"padding_top\":\"large\",\"preserve_color\":true,\"style\":\"default\",\"title_breakpoint\":\"xl\",\"title_position\":\"top-left\",\"title_rotation\":\"left\",\"vertical_align\":\"\",\"width\":\"default\"},\"children\":[{\"type\":\"row\",\"props\":{\"column_gap\":\"large\",\"row_gap\":\"large\"},\"children\":[{\"type\":\"column\",\"props\":{\"image_position\":\"center-center\",\"position_sticky_breakpoint\":\"m\"},\"children\":[{\"type\":\"headline\",\"props\":{\"content\":\"Nuevo m\u00e9todo natural para la salud humana hol\u00edstica\",\"image_align\":\"left\",\"image_margin\":\"xsmall\",\"maxwidth\":\"2xlarge\",\"maxwidth_breakpoint\":\"m\",\"text_align\":\"left\",\"text_align_breakpoint\":\"m\",\"title_color\":\"warning\",\"title_element\":\"h1\",\"title_style\":\"heading-medium\"}},{\"type\":\"headline\",\"props\":{\"content\":\"Las versiones en ingl\u00e9s y franc\u00e9s se est\u00e1n editando y estar\u00e1n disponibles pr\u00f3ximamente. Puede adquirir este libro ahora. Actualmente est\u00e1 disponible en espa\u00f1ol y portugu\u00e9s, en versi\u00f3n digital e impresa, a trav\u00e9s de las siguientes plataformas:\",\"image_align\":\"left\",\"image_margin\":\"xsmall\",\"margin_bottom\":\"medium\",\"margin_top\":\"large\",\"maxwidth\":\"2xlarge\",\"maxwidth_breakpoint\":\"m\",\"text_align\":\"left\",\"title_element\":\"h1\",\"title_style\":\"text-lead\"}},{\"name\":\"Grid Panel Style Card\",\"type\":\"grid\",\"children\":[{\"type\":\"grid_item\",\"props\":{\"content\":\"\",\"image\":\"wp-content\/uploads\/book.jpg\",\"link\":\"https:\/\/www.autoreseditores.com\/libro\/20755\/abel-lopez-aguilera-angeles-vargas\/aranduete-nuevo-metodo-natural.html#:~:text=Ara'ndu'e'te\",\"link_text\":\"comprar el libro\",\"meta\":\"Espagnol\",\"title\":\"AUTORES EDITORE\"}},{\"type\":\"grid_item\",\"props\":{\"content\":\"\",\"image\":\"wp-content\/uploads\/book.jpg\",\"link\":\"https:\/\/clubedeautores.com.br\/livro\/aranduete-nuevo-metodo-natural-auxilio-en-la-salud-humana-integral\",\"link_text\":\"comprar el libro\",\"meta\":\"Espagnol, Portugais\",\"title\":\"CLUBE DE AUTORES\"}},{\"type\":\"grid_item\",\"props\":{\"content\":\"\",\"image\":\"wp-content\/uploads\/book.jpg\",\"link\":\"https:\/\/www.google.com.br\/books\/edition\/Aranduete_Nuevo_M\u00e9todo_Natural_Auxilio\/QGVtEAAAQBAJ?hl=pt- BR&gbpv=1&dq=aranduete+nuevo+metodo&pg=PA16&printsec=frontcover\",\"link_text\":\"comprar el libro\",\"meta\":\"Espagnol\",\"title\":\"GOOGLE BOOKS\"}}],\"props\":{\"content_column_breakpoint\":\"m\",\"content_margin\":\"small\",\"filter_align\":\"left\",\"filter_all\":true,\"filter_grid_breakpoint\":\"m\",\"filter_grid_width\":\"auto\",\"filter_position\":\"top\",\"filter_style\":\"tab\",\"grid_column_align\":true,\"grid_default\":\"1\",\"grid_large\":\"3\",\"grid_medium\":\"3\",\"grid_small\":\"3\",\"grid_xlarge\":\"3\",\"image_align\":\"top\",\"image_grid_breakpoint\":\"m\",\"image_grid_width\":\"1-2\",\"image_link\":true,\"image_loading\":true,\"image_svg_color\":\"emphasis\",\"image_transition\":\"scale-up\",\"image_width\":\"900\",\"item_animation\":true,\"lightbox_bg_close\":true,\"link_download\":false,\"link_size\":\"small\",\"link_style\":\"danger\",\"link_text\":\"Acheter le livre\",\"margin_bottom\":\"remove\",\"margin_top\":\"large\",\"meta_align\":\"below-title\",\"meta_element\":\"div\",\"meta_style\":\"text-lead\",\"panel_image_no_padding\":true,\"panel_link\":true,\"panel_link_hover\":true,\"panel_padding\":\"large\",\"panel_style\":\"card-primary\",\"parallax_easing\":\"1\",\"show_content\":true,\"show_hover_image\":true,\"show_hover_video\":true,\"show_image\":true,\"show_link\":true,\"show_meta\":true,\"show_title\":true,\"show_video\":true,\"title_align\":\"top\",\"title_element\":\"h2\",\"title_grid_breakpoint\":\"m\",\"title_grid_width\":\"1-2\",\"title_hover_style\":\"reset\",\"title_link\":true,\"title_margin\":\"small\",\"title_style\":\"h1\"}},{\"type\":\"headline\",\"props\":{\"content\":\"Para comentarios o preguntas, por favor cont\u00e1ctenos.\",\"image_align\":\"left\",\"image_margin\":\"xsmall\",\"margin_bottom\":\"default\",\"margin_top\":\"large\",\"maxwidth\":\"2xlarge\",\"maxwidth_breakpoint\":\"m\",\"text_align\":\"left\",\"title_element\":\"h1\",\"title_style\":\"h4\"}},{\"type\":\"headline\",\"props\":{\"content\":\"aranduete244@gmail.com\",\"icon\":\"mail\",\"image_align\":\"left\",\"image_margin\":\"xsmall\",\"link\":\"mailto:aranduete244@gmail.com\",\"link_style\":false,\"margin_top\":\"remove\",\"title_element\":\"div\",\"title_style\":\"text-lead\"}},{\"type\":\"headline\",\"props\":{\"content\":\"S\u00edguenos en las redes sociales\",\"image_align\":\"left\",\"image_margin\":\"xsmall\",\"margin_bottom\":\"auto\",\"margin_top\":\"medium\",\"maxwidth\":\"2xlarge\",\"maxwidth_breakpoint\":\"m\",\"text_align\":\"justify\",\"title_element\":\"h1\",\"title_style\":\"h4\"}},{\"type\":\"social\",\"props\":{\"grid\":\"horizontal\",\"grid_column_gap\":\"small\",\"grid_row_gap\":\"small\",\"image_height\":\"25\",\"image_svg_inline\":true,\"image_width\":\"25\",\"link_style\":\"text\",\"margin_bottom\":\"large\",\"margin_top\":\"default\"},\"children\":[{\"type\":\"social_item\",\"props\":{\"link\":\"https:\/\/www.facebook.com\/\"}},{\"type\":\"social_item\",\"props\":{\"link\":\"https:\/\/www.instagram.com\/\"}}],\"name\":\"22\"}]}]}]}],\"version\":\"5.0.19\"} --><\/p>\n","protected":false},"excerpt":{"rendered":"<p>Ara\u0144du\u00e9te Nuevo m\u00e9todo natural para una salud humana saludable comprar el libro Nuevo m\u00e9todo natural para la salud humana hol\u00edstica Las versiones en ingl\u00e9s y franc\u00e9s se est\u00e1n editando y estar\u00e1n disponibles pr\u00f3ximamente. Puede adquirir este libro ahora. Actualmente est\u00e1 disponible en espa\u00f1ol y portugu\u00e9s, en versi\u00f3n digital e impresa, a trav\u00e9s de las siguientes [&hellip;]<\/p>\n","protected":false},"author":1,"featured_media":0,"parent":0,"menu_order":0,"comment_status":"closed","ping_status":"closed","template":"","meta":{"_themeisle_gutenberg_block_has_review":false,"footnotes":""},"class_list":["post-3706","page","type-page","status-publish","hentry"],"_links":{"self":[{"href":"https:\/\/lightlifesystem.com\/index.php?rest_route=\/wp\/v2\/pages\/3706","targetHints":{"allow":["GET"]}}],"collection":[{"href":"https:\/\/lightlifesystem.com\/index.php?rest_route=\/wp\/v2\/pages"}],"about":[{"href":"https:\/\/lightlifesystem.com\/index.php?rest_route=\/wp\/v2\/types\/page"}],"author":[{"embeddable":true,"href":"https:\/\/lightlifesystem.com\/index.php?rest_route=\/wp\/v2\/users\/1"}],"replies":[{"embeddable":true,"href":"https:\/\/lightlifesystem.com\/index.php?rest_route=%2Fwp%2Fv2%2Fcomments&post=3706"}],"version-history":[{"count":15,"href":"https:\/\/lightlifesystem.com\/index.php?rest_route=\/wp\/v2\/pages\/3706\/revisions"}],"predecessor-version":[{"id":3721,"href":"https:\/\/lightlifesystem.com\/index.php?rest_route=\/wp\/v2\/pages\/3706\/revisions\/3721"}],"wp:attachment":[{"href":"https:\/\/lightlifesystem.com\/index.php?rest_route=%2Fwp%2Fv2%2Fmedia&parent=3706"}],"curies":[{"name":"wp","href":"https:\/\/api.w.org\/{rel}","templated":true}]}}