{"id":3645,"date":"2026-03-06T21:05:41","date_gmt":"2026-03-06T21:05:41","guid":{"rendered":"https:\/\/lightlifesystem.com\/?page_id=3645"},"modified":"2026-04-10T00:55:03","modified_gmt":"2026-04-10T00:55:03","slug":"para-todos-2","status":"publish","type":"page","link":"https:\/\/lightlifesystem.com\/?page_id=3645&lang=es","title":{"rendered":"Para todos"},"content":{"rendered":"<h1>TODOS<\/h1>\n<h1>Todos<\/h1>\n<h1>PARA TODOS<\/h1>\n<div>Humanista, filantr\u00f3pica y altruista, esta es una posibilidad lista para ser implementada y ayudar a cualquier ser humano que busque bienestar y crecimiento. Es una activaci\u00f3n aplicable y beneficiosa para cualquier persona, con cualquier trastorno de salud o desequilibrio, desde los m\u00e1s simples hasta los m\u00e1s avanzados, los considerados cr\u00f3nicos, as\u00ed como los m\u00e1s \u00abcomunes\u00bb, como \u00abproblemas de sue\u00f1o\u00bb, \u00abdolores musculares\u00bb, \u00abansiedad\u00bb, \u00abestr\u00e9s\u00bb, \u00abdepresi\u00f3n\u00bb, \u00abfatiga\u00bb, \u00abcansancio\u00bb y \u00abagotamiento\u00bb.\n<\/div>\n<div>Aun as\u00ed, su uso no altera en modo alguno la naturaleza del cuerpo, sin causar molestias de ning\u00fan tipo. No se realiza ning\u00fan procedimiento invasivo y no hay contraindicaciones.<\/div>\n<div>Es muy importante aclarar que la acci\u00f3n de este procedimiento no requiere la credibilidad, la fe o la confianza del individuo en el procedimiento, en la ciencia, en las \u00abfuerzas superiores\u00bb o en el \u00abamor\u00bb.<\/div>\n<p><!--more--><br \/>\n<!-- {\"type\":\"layout\",\"children\":[{\"type\":\"section\",\"props\":{\"header_transparent\":true,\"header_transparent_noplaceholder\":true,\"header_transparent_text_color\":\"light\",\"image_position\":\"center-center\",\"padding_bottom\":\"none\",\"padding_top\":\"none\",\"preserve_color\":true,\"style\":\"default\",\"title_breakpoint\":\"xl\",\"title_position\":\"top-left\",\"title_rotation\":\"left\",\"vertical_align\":\"\",\"width\":\"\"},\"children\":[{\"type\":\"row\",\"props\":{\"height\":\"viewport\",\"height_viewport_offset\":true},\"children\":[{\"type\":\"column\",\"props\":{\"image\":\"wp-content\/uploads\/six.png\",\"image_position\":\"center-center\",\"image_size\":\"cover\",\"image_width\":\"2560\",\"padding\":\"none\",\"position_sticky\":\"section\",\"position_sticky_breakpoint\":\"\"}}]},{\"type\":\"row\",\"props\":{\"css\":\".el-row {\\n    position: relative;\\n    z-index: 1;\\n    margin-top: -100vh;\\n}\",\"height\":\"viewport\"},\"children\":[{\"type\":\"column\",\"props\":{\"image_position\":\"center-center\",\"position_sticky_breakpoint\":\"m\",\"text_color\":\"light\",\"vertical_align\":\"middle\"},\"children\":[{\"type\":\"image\",\"props\":{\"animation\":\"parallax\",\"block_align\":\"center\",\"image\":\"\",\"image_loading\":true,\"image_svg_color\":\"emphasis\",\"image_width\":99,\"margin_bottom\":\"small\",\"margin_top\":\"small\",\"maxwidth\":\"xlarge\",\"parallax_blur\":\"50\",\"parallax_opacity\":\"1,0,0\",\"parallax_scale\":\"0.5\",\"parallax_start\":\"55vh + 50%\",\"position\":\"relative\",\"position_z_index\":\"1\",\"text_align\":\"left\",\"text_align_breakpoint\":\"l\",\"text_align_fallback\":\"left\"}},{\"type\":\"headline\",\"props\":{\"animation\":\"parallax\",\"content\":\"TODOS\",\"image_align\":\"left\",\"image_margin\":\"xsmall\",\"margin_top\":\"remove\",\"parallax_opacity\":\"1,0,0\",\"parallax_scale\":\"0.5\",\"parallax_start\":\"55vh + 50%\",\"position\":\"relative\",\"position_z_index\":\"1\",\"text_align\":\"center\",\"title_color\":\"secondary\",\"title_element\":\"h1\",\"title_style\":\"heading-2xlarge\",\"visibility\":\"s\"}},{\"type\":\"headline\",\"props\":{\"animation\":\"parallax\",\"content\":\"Todos\",\"image_align\":\"left\",\"image_margin\":\"xsmall\",\"margin_top\":\"remove\",\"parallax_blur\":\"50\",\"parallax_opacity\":\"1,0,0\",\"parallax_scale\":\"0.5\",\"parallax_start\":\"50vh + 50%\",\"position\":\"relative\",\"position_z_index\":\"1\",\"text_align\":\"center\",\"title_element\":\"h1\",\"title_style\":\"heading-2xlarge\",\"visibility\":\"hidden-s\"}}]}]}],\"name\":\"Hero\"},{\"name\":\"01\",\"type\":\"section\",\"props\":{\"animation\":\"fade\",\"animation_delay\":\"200\",\"header_transparent\":true,\"header_transparent_noplaceholder\":true,\"header_transparent_text_color\":\"dark\",\"id\":\"01\",\"image_loading\":true,\"image_position\":\"center-center\",\"image_width\":\"1300\",\"padding_bottom\":\"xlarge\",\"padding_top\":\"large\",\"preserve_color\":true,\"style\":\"default\",\"title_breakpoint\":\"xl\",\"title_position\":\"top-left\",\"title_rotation\":\"left\",\"vertical_align\":\"\",\"width\":\"xsmall\"},\"children\":[{\"type\":\"row\",\"props\":{\"column_gap\":\"large\",\"row_gap\":\"large\"},\"children\":[{\"type\":\"column\",\"props\":{\"image_position\":\"center-center\",\"position_sticky_breakpoint\":\"m\"},\"children\":[{\"type\":\"headline\",\"props\":{\"block_align\":\"center\",\"content\":\"PARA TODOS\",\"id\":\"01\",\"image_align\":\"left\",\"image_margin\":\"xsmall\",\"margin_bottom\":\"default\",\"maxwidth\":\"2xlarge\",\"maxwidth_breakpoint\":\"m\",\"text_align\":\"left\",\"text_align_breakpoint\":\"m\",\"text_align_fallback\":\"left\",\"title_color\":\"warning\",\"title_element\":\"h1\",\"title_style\":\"heading-large\"},\"name\":\"01\"},{\"type\":\"text\",\"props\":{\"block_align\":\"center\",\"column_breakpoint\":\"m\",\"content\":\"Humanista, filantr\u00f3pica y altruista, esta es una posibilidad lista para ser implementada y ayudar a cualquier ser humano que busque bienestar y crecimiento. Es una activaci\u00f3n aplicable y beneficiosa para cualquier persona, con cualquier trastorno de salud o desequilibrio, desde los m\u00e1s simples hasta los m\u00e1s avanzados, los considerados cr\u00f3nicos, as\u00ed como los m\u00e1s \u00abcomunes\u00bb, como \u00abproblemas de sue\u00f1o\u00bb, \u00abdolores musculares\u00bb, \u00abansiedad\u00bb, \u00abestr\u00e9s\u00bb, \u00abdepresi\u00f3n\u00bb, \u00abfatiga\u00bb, \u00abcansancio\u00bb y \u00abagotamiento\u00bb.\\n\",\"dropcap\":false,\"margin_bottom\":\"medium\",\"margin_top\":\"medium\",\"maxwidth_breakpoint\":\"m\",\"text_align\":\"left\",\"text_style\":\"lead\"}},{\"type\":\"text\",\"props\":{\"block_align\":\"center\",\"column_breakpoint\":\"m\",\"content\":\"Aun as\u00ed, su uso no altera en modo alguno la naturaleza del cuerpo, sin causar molestias de ning\u00fan tipo. No se realiza ning\u00fan procedimiento invasivo y no hay contraindicaciones.\",\"dropcap\":false,\"margin_bottom\":\"medium\",\"margin_top\":\"medium\",\"maxwidth_breakpoint\":\"m\",\"text_align\":\"left\",\"text_style\":\"lead\"}},{\"type\":\"text\",\"props\":{\"block_align\":\"center\",\"column_breakpoint\":\"m\",\"content\":\"Es muy importante aclarar que la acci\u00f3n de este procedimiento no requiere la credibilidad, la fe o la confianza del individuo en el procedimiento, en la ciencia, en las \u00abfuerzas superiores\u00bb o en el \u00abamor\u00bb.\",\"dropcap\":false,\"margin_bottom\":\"medium\",\"margin_top\":\"medium\",\"maxwidth_breakpoint\":\"m\",\"text_align\":\"left\",\"text_style\":\"lead\"}}]}]}]}],\"version\":\"5.0.19\"} --><\/p>\n","protected":false},"excerpt":{"rendered":"<p>TODOS Todos PARA TODOS Humanista, filantr\u00f3pica y altruista, esta es una posibilidad lista para ser implementada y ayudar a cualquier ser humano que busque bienestar y crecimiento. Es una activaci\u00f3n aplicable y beneficiosa para cualquier persona, con cualquier trastorno de salud o desequilibrio, desde los m\u00e1s simples hasta los m\u00e1s avanzados, los considerados cr\u00f3nicos, as\u00ed [&hellip;]<\/p>\n","protected":false},"author":1,"featured_media":0,"parent":0,"menu_order":0,"comment_status":"closed","ping_status":"closed","template":"","meta":{"_themeisle_gutenberg_block_has_review":false,"footnotes":""},"class_list":["post-3645","page","type-page","status-publish","hentry"],"_links":{"self":[{"href":"https:\/\/lightlifesystem.com\/index.php?rest_route=\/wp\/v2\/pages\/3645","targetHints":{"allow":["GET"]}}],"collection":[{"href":"https:\/\/lightlifesystem.com\/index.php?rest_route=\/wp\/v2\/pages"}],"about":[{"href":"https:\/\/lightlifesystem.com\/index.php?rest_route=\/wp\/v2\/types\/page"}],"author":[{"embeddable":true,"href":"https:\/\/lightlifesystem.com\/index.php?rest_route=\/wp\/v2\/users\/1"}],"replies":[{"embeddable":true,"href":"https:\/\/lightlifesystem.com\/index.php?rest_route=%2Fwp%2Fv2%2Fcomments&post=3645"}],"version-history":[{"count":4,"href":"https:\/\/lightlifesystem.com\/index.php?rest_route=\/wp\/v2\/pages\/3645\/revisions"}],"predecessor-version":[{"id":4340,"href":"https:\/\/lightlifesystem.com\/index.php?rest_route=\/wp\/v2\/pages\/3645\/revisions\/4340"}],"wp:attachment":[{"href":"https:\/\/lightlifesystem.com\/index.php?rest_route=%2Fwp%2Fv2%2Fmedia&parent=3645"}],"curies":[{"name":"wp","href":"https:\/\/api.w.org\/{rel}","templated":true}]}}