{"id":3635,"date":"2026-03-06T21:04:02","date_gmt":"2026-03-06T21:04:02","guid":{"rendered":"https:\/\/lightlifesystem.com\/?page_id=3635"},"modified":"2026-04-10T00:55:47","modified_gmt":"2026-04-10T00:55:47","slug":"sistema-de-terapia-quantica-y-bioenergetica-2","status":"publish","type":"page","link":"https:\/\/lightlifesystem.com\/?page_id=3635&lang=es","title":{"rendered":"Sistema de terapia qu\u00e1ntica y bioenerg\u00e9tica"},"content":{"rendered":"<h1>LIGHT LIFE<\/h1>\n<h1>LIGHT LIFE<\/h1>\n<h1>Sistema de terapia qu\u00e1ntica y bioenerg\u00e9tica<\/p>\n<\/h1>\n<div>Hoy en d\u00eda existe la posibilidad de acceder como nunca antes a esta BIOENERG\u00cdA y de ayudar al ser integral a fortalecerse, a tener la fuerza para recuperarse y la voluntad de crecer y evolucionar donde sea necesario. El ser humano se transforma en una potente antena receptora durante el tiempo de acceso a esta energ\u00eda, desencadenando as\u00ed las actividades del proceso curativo de su organismo.\n<\/div>\n<div>De esta manera, los procesos fisiol\u00f3gicos naturales que el propio cuerpo genera para equilibrarse se activan instant\u00e1neamente a trav\u00e9s de la Bioenerg\u00eda, sin causar ninguna molestia, lo que da como resultado un estado de descanso y reequilibrio, conectando al ser humano a un campo de fuerza de energ\u00edas superiores.<\/div>\n<div>Aclaramos tambi\u00e9n que el t\u00e9rmino CU\u00c1NTICO utilizado aqu\u00ed no hace referencia a la F\u00cdSICA CU\u00c1NTICA, sino al concepto cient\u00edfico CU\u00c1NTICO, que se encuentra en Todas partes.<\/div>\n<p><!--more--><br \/>\n<!-- {\"type\":\"layout\",\"children\":[{\"type\":\"section\",\"props\":{\"header_transparent\":true,\"header_transparent_noplaceholder\":true,\"header_transparent_text_color\":\"light\",\"image_position\":\"center-center\",\"padding_bottom\":\"none\",\"padding_top\":\"none\",\"preserve_color\":true,\"style\":\"default\",\"title_breakpoint\":\"xl\",\"title_position\":\"top-left\",\"title_rotation\":\"left\",\"vertical_align\":\"\",\"width\":\"\"},\"children\":[{\"type\":\"row\",\"props\":{\"height\":\"viewport\",\"height_viewport_offset\":true},\"children\":[{\"type\":\"column\",\"props\":{\"image\":\"wp-content\/uploads\/three.png\",\"image_position\":\"center-center\",\"image_size\":\"cover\",\"image_width\":\"2560\",\"padding\":\"none\",\"position_sticky\":\"section\",\"position_sticky_breakpoint\":\"\"}}]},{\"type\":\"row\",\"props\":{\"css\":\".el-row {\\n    position: relative;\\n    z-index: 1;\\n    margin-top: -100vh;\\n}\",\"height\":\"viewport\"},\"children\":[{\"type\":\"column\",\"props\":{\"image_position\":\"center-center\",\"position_sticky_breakpoint\":\"m\",\"text_color\":\"light\",\"vertical_align\":\"middle\"},\"children\":[{\"type\":\"image\",\"props\":{\"animation\":\"parallax\",\"block_align\":\"center\",\"image\":\"\",\"image_loading\":true,\"image_svg_color\":\"emphasis\",\"image_width\":99,\"margin_bottom\":\"small\",\"margin_top\":\"small\",\"maxwidth\":\"xlarge\",\"parallax_blur\":\"50\",\"parallax_opacity\":\"1,0,0\",\"parallax_scale\":\"0.5\",\"parallax_start\":\"55vh + 50%\",\"position\":\"relative\",\"position_z_index\":\"1\",\"text_align\":\"left\",\"text_align_breakpoint\":\"l\",\"text_align_fallback\":\"left\"}},{\"type\":\"headline\",\"props\":{\"animation\":\"parallax\",\"content\":\"LIGHT LIFE\",\"image_align\":\"left\",\"image_margin\":\"xsmall\",\"margin_top\":\"remove\",\"parallax_opacity\":\"1,0,0\",\"parallax_scale\":\"0.5\",\"parallax_start\":\"55vh + 50%\",\"position\":\"relative\",\"position_z_index\":\"1\",\"text_align\":\"center\",\"title_color\":\"secondary\",\"title_element\":\"h1\",\"title_style\":\"heading-2xlarge\",\"visibility\":\"s\"}},{\"type\":\"headline\",\"props\":{\"animation\":\"parallax\",\"content\":\"LIGHT LIFE\",\"image_align\":\"left\",\"image_margin\":\"xsmall\",\"margin_top\":\"remove\",\"parallax_blur\":\"50\",\"parallax_opacity\":\"1,0,0\",\"parallax_scale\":\"0.5\",\"parallax_start\":\"50vh + 50%\",\"position\":\"relative\",\"position_z_index\":\"1\",\"text_align\":\"center\",\"title_element\":\"h1\",\"title_style\":\"heading-2xlarge\",\"visibility\":\"hidden-s\"}}]}]}],\"name\":\"Hero\"},{\"name\":\"01\",\"type\":\"section\",\"props\":{\"animation\":\"fade\",\"animation_delay\":\"200\",\"header_transparent\":true,\"header_transparent_noplaceholder\":true,\"header_transparent_text_color\":\"dark\",\"id\":\"01\",\"image_loading\":true,\"image_position\":\"center-center\",\"image_width\":\"1300\",\"padding_bottom\":\"xlarge\",\"padding_top\":\"large\",\"preserve_color\":true,\"style\":\"default\",\"title_breakpoint\":\"xl\",\"title_position\":\"top-left\",\"title_rotation\":\"left\",\"vertical_align\":\"\",\"width\":\"xsmall\"},\"children\":[{\"type\":\"row\",\"props\":{\"column_gap\":\"large\",\"row_gap\":\"large\"},\"children\":[{\"type\":\"column\",\"props\":{\"image_position\":\"center-center\",\"position_sticky_breakpoint\":\"m\"},\"children\":[{\"type\":\"headline\",\"props\":{\"block_align\":\"center\",\"content\":\"Sistema de terapia qu\u00e1ntica y bioenerg\u00e9tica\\n\\n\\n\",\"id\":\"01\",\"image_align\":\"left\",\"image_margin\":\"xsmall\",\"margin_bottom\":\"default\",\"maxwidth\":\"2xlarge\",\"maxwidth_breakpoint\":\"m\",\"text_align\":\"left\",\"text_align_breakpoint\":\"m\",\"text_align_fallback\":\"left\",\"title_color\":\"warning\",\"title_element\":\"h1\",\"title_style\":\"heading-large\"},\"name\":\"01\"},{\"type\":\"text\",\"props\":{\"block_align\":\"center\",\"column_breakpoint\":\"m\",\"content\":\"Hoy en d\u00eda existe la posibilidad de acceder como nunca antes a esta BIOENERG\u00cdA y de ayudar al ser integral a fortalecerse, a tener la fuerza para recuperarse y la voluntad de crecer y evolucionar donde sea necesario. El ser humano se transforma en una potente antena receptora durante el tiempo de acceso a esta energ\u00eda, desencadenando as\u00ed las actividades del proceso curativo de su organismo.\\n\",\"dropcap\":false,\"margin_bottom\":\"medium\",\"margin_top\":\"medium\",\"maxwidth_breakpoint\":\"m\",\"text_align\":\"left\",\"text_style\":\"lead\"}},{\"type\":\"text\",\"props\":{\"block_align\":\"center\",\"column_breakpoint\":\"m\",\"content\":\"De esta manera, los procesos fisiol\u00f3gicos naturales que el propio cuerpo genera para equilibrarse se activan instant\u00e1neamente a trav\u00e9s de la Bioenerg\u00eda, sin causar ninguna molestia, lo que da como resultado un estado de descanso y reequilibrio, conectando al ser humano a un campo de fuerza de energ\u00edas superiores.\",\"dropcap\":false,\"margin_bottom\":\"medium\",\"margin_top\":\"medium\",\"maxwidth_breakpoint\":\"m\",\"text_align\":\"left\",\"text_style\":\"lead\"}},{\"type\":\"text\",\"props\":{\"block_align\":\"center\",\"column_breakpoint\":\"m\",\"content\":\"Aclaramos tambi\u00e9n que el t\u00e9rmino CU\u00c1NTICO utilizado aqu\u00ed no hace referencia a la F\u00cdSICA CU\u00c1NTICA, sino al concepto cient\u00edfico CU\u00c1NTICO, que se encuentra en Todas partes.\",\"dropcap\":false,\"margin_bottom\":\"medium\",\"margin_top\":\"medium\",\"maxwidth_breakpoint\":\"m\",\"text_align\":\"left\",\"text_style\":\"lead\"}}]}]}]}],\"version\":\"5.0.19\"} --><\/p>\n","protected":false},"excerpt":{"rendered":"<p>LIGHT LIFE LIGHT LIFE Sistema de terapia qu\u00e1ntica y bioenerg\u00e9tica Hoy en d\u00eda existe la posibilidad de acceder como nunca antes a esta BIOENERG\u00cdA y de ayudar al ser integral a fortalecerse, a tener la fuerza para recuperarse y la voluntad de crecer y evolucionar donde sea necesario. El ser humano se transforma en una [&hellip;]<\/p>\n","protected":false},"author":1,"featured_media":0,"parent":0,"menu_order":0,"comment_status":"closed","ping_status":"closed","template":"","meta":{"_themeisle_gutenberg_block_has_review":false,"footnotes":""},"class_list":["post-3635","page","type-page","status-publish","hentry"],"_links":{"self":[{"href":"https:\/\/lightlifesystem.com\/index.php?rest_route=\/wp\/v2\/pages\/3635","targetHints":{"allow":["GET"]}}],"collection":[{"href":"https:\/\/lightlifesystem.com\/index.php?rest_route=\/wp\/v2\/pages"}],"about":[{"href":"https:\/\/lightlifesystem.com\/index.php?rest_route=\/wp\/v2\/types\/page"}],"author":[{"embeddable":true,"href":"https:\/\/lightlifesystem.com\/index.php?rest_route=\/wp\/v2\/users\/1"}],"replies":[{"embeddable":true,"href":"https:\/\/lightlifesystem.com\/index.php?rest_route=%2Fwp%2Fv2%2Fcomments&post=3635"}],"version-history":[{"count":4,"href":"https:\/\/lightlifesystem.com\/index.php?rest_route=\/wp\/v2\/pages\/3635\/revisions"}],"predecessor-version":[{"id":4341,"href":"https:\/\/lightlifesystem.com\/index.php?rest_route=\/wp\/v2\/pages\/3635\/revisions\/4341"}],"wp:attachment":[{"href":"https:\/\/lightlifesystem.com\/index.php?rest_route=%2Fwp%2Fv2%2Fmedia&parent=3635"}],"curies":[{"name":"wp","href":"https:\/\/api.w.org\/{rel}","templated":true}]}}