{"id":3497,"date":"2026-03-01T22:09:23","date_gmt":"2026-03-01T22:09:23","guid":{"rendered":"https:\/\/lightlifesystem.medecine-empirique.org\/?page_id=3497"},"modified":"2026-03-06T20:45:12","modified_gmt":"2026-03-06T20:45:12","slug":"contato","status":"publish","type":"page","link":"https:\/\/lightlifesystem.com\/?page_id=3497&lang=pt","title":{"rendered":"Contato"},"content":{"rendered":"<h1>Contact<\/h1>\n<div>Voc\u00ea gostaria de nos apoiar e contribuir para o nosso projeto com uma doa\u00e7\u00e3o?<\/div>\n<div>Entre em contato conosco atrav\u00e9s dos seguintes canais:<\/div>\n<div><a href=\"tel:005521997959609\">+ 55 21 997 95 96 09<\/a><\/div>\n<div><a href=\"mailto:lightlifesystem@gmail.com\">lightlifesystem@gmail.com<\/a><\/div>\n<p><!--more--><br \/>\n<!-- {\"type\":\"layout\",\"children\":[{\"name\":\"FAQ\",\"type\":\"section\",\"props\":{\"height_viewport\":false,\"image_position\":\"center-center\",\"image_size\":\"cover\",\"media_background\":\"#fff\",\"media_overlay\":\"rgba(0,0,0,0)\",\"padding_bottom\":\"xlarge\",\"padding_top\":\"large\",\"style\":\"secondary\",\"title_breakpoint\":\"xl\",\"title_position\":\"top-left\",\"title_rotation\":\"left\",\"vertical_align\":\"\",\"width\":\"small\"},\"children\":[{\"type\":\"row\",\"children\":[{\"type\":\"column\",\"props\":{\"image_position\":\"center-center\",\"position_sticky_breakpoint\":\"m\",\"width_medium\":\"1-1\"},\"children\":[{\"type\":\"headline\",\"props\":{\"block_align\":\"center\",\"content\":\"Contact\",\"image_align\":\"left\",\"image_margin\":\"xsmall\",\"text_align\":\"center\",\"title_element\":\"h1\",\"title_style\":\"heading-small\"}},{\"type\":\"text\",\"props\":{\"block_align\":\"center\",\"column_breakpoint\":\"m\",\"content\":\"Voc\u00ea gostaria de nos apoiar e contribuir para o nosso projeto com uma doa\u00e7\u00e3o?\",\"margin_bottom\":\"default\",\"margin_top\":\"large\",\"maxwidth\":\"xlarge\",\"text_align\":\"center\",\"text_style\":\"lead\"}},{\"type\":\"text\",\"props\":{\"block_align\":\"center\",\"column_breakpoint\":\"m\",\"content\":\"Entre em contato conosco atrav\u00e9s dos seguintes canais:\",\"margin_bottom\":\"small\",\"margin_top\":\"remove\",\"maxwidth\":\"xlarge\",\"text_align\":\"center\",\"text_style\":\"lead\"}},{\"type\":\"headline\",\"props\":{\"content\":\"+ 55 21 997 95 96 09\",\"icon\":\"whatsapp\",\"image_align\":\"left\",\"image_margin\":\"xsmall\",\"link\":\"tel:005521997959609\",\"link_style\":false,\"margin_top\":\"remove\",\"text_align\":\"center\",\"text_align_breakpoint\":\"s\",\"text_align_fallback\":\"center\",\"title_element\":\"div\",\"title_style\":\"text-lead\"}},{\"type\":\"headline\",\"props\":{\"content\":\"lightlifesystem@gmail.com\",\"icon\":\"mail\",\"image_align\":\"left\",\"image_margin\":\"xsmall\",\"link\":\"mailto:lightlifesystem@gmail.com\",\"link_style\":false,\"margin_top\":\"remove\",\"text_align\":\"center\",\"text_align_breakpoint\":\"s\",\"text_align_fallback\":\"center\",\"title_element\":\"div\",\"title_style\":\"text-lead\"}}]}]}]}],\"version\":\"5.0.19\"} --><\/p>\n","protected":false},"excerpt":{"rendered":"<p>Contact Voc\u00ea gostaria de nos apoiar e contribuir para o nosso projeto com uma doa\u00e7\u00e3o? Entre em contato conosco atrav\u00e9s dos seguintes canais: + 55 21 997 95 96 09 lightlifesystem@gmail.com<\/p>\n","protected":false},"author":1,"featured_media":0,"parent":0,"menu_order":0,"comment_status":"closed","ping_status":"closed","template":"","meta":{"_themeisle_gutenberg_block_has_review":false,"footnotes":""},"class_list":["post-3497","page","type-page","status-publish","hentry"],"_links":{"self":[{"href":"https:\/\/lightlifesystem.com\/index.php?rest_route=\/wp\/v2\/pages\/3497","targetHints":{"allow":["GET"]}}],"collection":[{"href":"https:\/\/lightlifesystem.com\/index.php?rest_route=\/wp\/v2\/pages"}],"about":[{"href":"https:\/\/lightlifesystem.com\/index.php?rest_route=\/wp\/v2\/types\/page"}],"author":[{"embeddable":true,"href":"https:\/\/lightlifesystem.com\/index.php?rest_route=\/wp\/v2\/users\/1"}],"replies":[{"embeddable":true,"href":"https:\/\/lightlifesystem.com\/index.php?rest_route=%2Fwp%2Fv2%2Fcomments&post=3497"}],"version-history":[{"count":2,"href":"https:\/\/lightlifesystem.com\/index.php?rest_route=\/wp\/v2\/pages\/3497\/revisions"}],"predecessor-version":[{"id":3620,"href":"https:\/\/lightlifesystem.com\/index.php?rest_route=\/wp\/v2\/pages\/3497\/revisions\/3620"}],"wp:attachment":[{"href":"https:\/\/lightlifesystem.com\/index.php?rest_route=%2Fwp%2Fv2%2Fmedia&parent=3497"}],"curies":[{"name":"wp","href":"https:\/\/api.w.org\/{rel}","templated":true}]}}