{"id":3475,"date":"2026-03-01T21:43:15","date_gmt":"2026-03-01T21:43:15","guid":{"rendered":"https:\/\/lightlifesystem.medecine-empirique.org\/?page_id=3475"},"modified":"2026-03-26T20:36:15","modified_gmt":"2026-03-26T20:36:15","slug":"conceito-resumo","status":"publish","type":"page","link":"https:\/\/lightlifesystem.com\/?page_id=3475&lang=pt","title":{"rendered":"Conceito Resumo"},"content":{"rendered":"<h1>\n<div class=\"page\" title=\"Page 55\">\n<div class=\"section\">\n<div class=\"layoutArea\">\n<div class=\"column\">\n<p><span>CONCEITO <\/span><\/p>\n<\/div>\n<\/div>\n<\/div>\n<\/div>\n<\/h1>\n<h1>\n<div class=\"page\" title=\"Page 55\">\n<div class=\"section\">\n<div class=\"layoutArea\">\n<div class=\"column\">\n<p><span>CONCEITO <\/span><\/p>\n<\/div>\n<\/div>\n<\/div>\n<\/div>\n<\/h1>\n<h1>CONCEITO<br \/>RESUMO<\/h1>\n<div>Todos os seres nesta terra est\u00e3o submergidos permanentemente num mar de energia. Insignificante cada ser como uma gota no meio do oceano, o ser humano existe entre o vazio e a energia, sempre no meio dela, sem compreender o seu meio. No entanto, tudo nele prov\u00e9m da terra e do espa\u00e7o, e tudo o que precisa para assegurar sua exist\u00eancia nela, tamb\u00e9m.<\/div>\n<div>\n<p>A compreens\u00e3o da complexa natureza do ser humano, a preserva\u00e7\u00e3o da exist\u00eancia do mesmo, assim como a solu\u00e7\u00e3o dos desequil\u00edbrios que lhe atingem, dependem desta absoluta energia.<\/p>\n<p>Assim, a ativa\u00e7\u00e3o de qualquer um dos processos metab\u00f3licos ou energ\u00e9ticos naturais em qualquer corpo humano depende irremediavelmente da exist\u00eancia desta, uma energia superior para a vida; que encaminha o ser a lhe acordar para o desenvolvimento pleno das suas potencialidades humanas, e o aperfei\u00e7oamento do seu funcionamento.<\/p>\n<\/div>\n<p><!--more--><br \/>\n<!-- {\"type\":\"layout\",\"children\":[{\"type\":\"section\",\"props\":{\"header_transparent\":true,\"header_transparent_noplaceholder\":true,\"header_transparent_text_color\":\"light\",\"image_position\":\"center-center\",\"padding_bottom\":\"none\",\"padding_top\":\"none\",\"preserve_color\":true,\"style\":\"default\",\"title_breakpoint\":\"xl\",\"title_position\":\"top-left\",\"title_rotation\":\"left\",\"vertical_align\":\"\",\"width\":\"\"},\"children\":[{\"type\":\"row\",\"props\":{\"height\":\"viewport\",\"height_viewport_offset\":true},\"children\":[{\"type\":\"column\",\"props\":{\"image_position\":\"center-center\",\"image_size\":\"cover\",\"padding\":\"none\",\"position_sticky\":\"section\",\"position_sticky_breakpoint\":\"\",\"video\":\"wp-content\/uploads\/6.mp4\"}}]},{\"type\":\"row\",\"props\":{\"css\":\".el-row {\\n    position: relative;\\n    z-index: 1;\\n    margin-top: -100vh;\\n}\",\"height\":\"viewport\"},\"children\":[{\"type\":\"column\",\"props\":{\"image_position\":\"center-center\",\"position_sticky_breakpoint\":\"m\",\"text_color\":\"light\",\"vertical_align\":\"middle\"},\"children\":[{\"type\":\"image\",\"props\":{\"animation\":\"parallax\",\"block_align\":\"center\",\"image\":\"\",\"image_loading\":true,\"image_svg_color\":\"emphasis\",\"image_width\":99,\"margin_bottom\":\"small\",\"margin_top\":\"small\",\"maxwidth\":\"xlarge\",\"parallax_blur\":\"50\",\"parallax_opacity\":\"1,0,0\",\"parallax_scale\":\"0.5\",\"parallax_start\":\"55vh + 50%\",\"position\":\"relative\",\"position_z_index\":\"1\",\"text_align\":\"left\",\"text_align_breakpoint\":\"l\",\"text_align_fallback\":\"left\"}},{\"type\":\"headline\",\"props\":{\"animation\":\"parallax\",\"content\":\"\n\n<div class=\\\"page\\\" title=\\\"Page 55\\\">\\n\n\n<div class=\\\"section\\\">\\n\n\n<div class=\\\"layoutArea\\\">\\n\n\n<div class=\\\"column\\\">\\n\n\n<p><span>CONCEITO <\/span><\/p>\n\n\\n<\/div>\n\n\\n<\/div>\n\n\\n<\/div>\n\n\\n<\/div>\n\n\",\"image_align\":\"left\",\"image_margin\":\"xsmall\",\"margin_top\":\"remove\",\"parallax_opacity\":\"1,0,0\",\"parallax_scale\":\"0.5\",\"parallax_start\":\"55vh + 50%\",\"position\":\"relative\",\"position_z_index\":\"1\",\"text_align\":\"center\",\"title_color\":\"secondary\",\"title_element\":\"h1\",\"title_style\":\"heading-2xlarge\",\"visibility\":\"s\"}},{\"type\":\"headline\",\"props\":{\"animation\":\"parallax\",\"content\":\"\n\n<div class=\\\"page\\\" title=\\\"Page 55\\\">\\n\n\n<div class=\\\"section\\\">\\n\n\n<div class=\\\"layoutArea\\\">\\n\n\n<div class=\\\"column\\\">\\n\n\n<p><span>CONCEITO <\/span><\/p>\n\n\\n<\/div>\n\n\\n<\/div>\n\n\\n<\/div>\n\n\\n<\/div>\n\n\",\"image_align\":\"left\",\"image_margin\":\"xsmall\",\"margin_top\":\"remove\",\"parallax_blur\":\"50\",\"parallax_opacity\":\"1,0,0\",\"parallax_scale\":\"0.5\",\"parallax_start\":\"50vh + 50%\",\"position\":\"relative\",\"position_z_index\":\"1\",\"text_align\":\"center\",\"title_element\":\"h1\",\"title_style\":\"heading-2xlarge\",\"visibility\":\"hidden-s\"}}]}]}],\"name\":\"Hero\"},{\"name\":\"01\",\"type\":\"section\",\"props\":{\"animation\":\"fade\",\"animation_delay\":\"200\",\"header_transparent\":true,\"header_transparent_noplaceholder\":true,\"header_transparent_text_color\":\"dark\",\"id\":\"01\",\"image_loading\":true,\"image_position\":\"center-center\",\"image_width\":\"1300\",\"padding_bottom\":\"xlarge\",\"padding_top\":\"large\",\"preserve_color\":true,\"style\":\"default\",\"title_breakpoint\":\"xl\",\"title_position\":\"top-left\",\"title_rotation\":\"left\",\"vertical_align\":\"\",\"width\":\"xsmall\"},\"children\":[{\"type\":\"row\",\"props\":{\"column_gap\":\"large\",\"row_gap\":\"large\"},\"children\":[{\"type\":\"column\",\"props\":{\"image_position\":\"center-center\",\"position_sticky_breakpoint\":\"m\"},\"children\":[{\"type\":\"headline\",\"props\":{\"block_align\":\"center\",\"content\":\"CONCEITO<br \/>RESUMO\",\"id\":\"01\",\"image_align\":\"left\",\"image_margin\":\"xsmall\",\"margin_bottom\":\"default\",\"maxwidth\":\"2xlarge\",\"maxwidth_breakpoint\":\"m\",\"text_align\":\"left\",\"text_align_breakpoint\":\"m\",\"text_align_fallback\":\"left\",\"title_color\":\"warning\",\"title_element\":\"h1\",\"title_style\":\"heading-large\"},\"name\":\"01\"},{\"type\":\"text\",\"props\":{\"block_align\":\"center\",\"column_breakpoint\":\"m\",\"content\":\"Todos os seres nesta terra est\u00e3o submergidos permanentemente num mar de energia. Insignificante cada ser como uma gota no meio do oceano, o ser humano existe entre o vazio e a energia, sempre no meio dela, sem compreender o seu meio. No entanto, tudo nele prov\u00e9m da terra e do espa\u00e7o, e tudo o que precisa para assegurar sua exist\u00eancia nela, tamb\u00e9m.\",\"dropcap\":false,\"margin_bottom\":\"medium\",\"margin_top\":\"medium\",\"maxwidth_breakpoint\":\"m\",\"text_align\":\"left\",\"text_style\":\"lead\"}},{\"type\":\"text\",\"props\":{\"block_align\":\"center\",\"column_breakpoint\":\"m\",\"content\":\"\n\n<p>A compreens\u00e3o da complexa natureza do ser humano, a preserva\u00e7\u00e3o da exist\u00eancia do mesmo, assim como a solu\u00e7\u00e3o dos desequil\u00edbrios que lhe atingem, dependem desta absoluta energia.<\/p>\n\n\\n\n\n<p>Assim, a ativa\u00e7\u00e3o de qualquer um dos processos metab\u00f3licos ou energ\u00e9ticos naturais em qualquer corpo humano depende irremediavelmente da exist\u00eancia desta, uma energia superior para a vida; que encaminha o ser a lhe acordar para o desenvolvimento pleno das suas potencialidades humanas, e o aperfei\u00e7oamento do seu funcionamento.<\/p>\n\n\",\"dropcap\":false,\"margin_bottom\":\"medium\",\"margin_top\":\"medium\",\"maxwidth_breakpoint\":\"m\",\"text_align\":\"left\",\"text_style\":\"lead\"}}]}]}]}],\"version\":\"5.0.19\"} --><\/p>\n","protected":false},"excerpt":{"rendered":"<p>CONCEITO CONCEITO CONCEITORESUMO Todos os seres nesta terra est\u00e3o submergidos permanentemente num mar de energia. Insignificante cada ser como uma gota no meio do oceano, o ser humano existe entre o vazio e a energia, sempre no meio dela, sem compreender o seu meio. No entanto, tudo nele prov\u00e9m da terra e do espa\u00e7o, e [&hellip;]<\/p>\n","protected":false},"author":1,"featured_media":0,"parent":0,"menu_order":0,"comment_status":"closed","ping_status":"closed","template":"","meta":{"_themeisle_gutenberg_block_has_review":false,"footnotes":""},"class_list":["post-3475","page","type-page","status-publish","hentry"],"_links":{"self":[{"href":"https:\/\/lightlifesystem.com\/index.php?rest_route=\/wp\/v2\/pages\/3475","targetHints":{"allow":["GET"]}}],"collection":[{"href":"https:\/\/lightlifesystem.com\/index.php?rest_route=\/wp\/v2\/pages"}],"about":[{"href":"https:\/\/lightlifesystem.com\/index.php?rest_route=\/wp\/v2\/types\/page"}],"author":[{"embeddable":true,"href":"https:\/\/lightlifesystem.com\/index.php?rest_route=\/wp\/v2\/users\/1"}],"replies":[{"embeddable":true,"href":"https:\/\/lightlifesystem.com\/index.php?rest_route=%2Fwp%2Fv2%2Fcomments&post=3475"}],"version-history":[{"count":6,"href":"https:\/\/lightlifesystem.com\/index.php?rest_route=\/wp\/v2\/pages\/3475\/revisions"}],"predecessor-version":[{"id":3775,"href":"https:\/\/lightlifesystem.com\/index.php?rest_route=\/wp\/v2\/pages\/3475\/revisions\/3775"}],"wp:attachment":[{"href":"https:\/\/lightlifesystem.com\/index.php?rest_route=%2Fwp%2Fv2%2Fmedia&parent=3475"}],"curies":[{"name":"wp","href":"https:\/\/api.w.org\/{rel}","templated":true}]}}