{"id":3044,"date":"2026-02-27T10:26:53","date_gmt":"2026-02-27T10:26:53","guid":{"rendered":"https:\/\/lightlifesystem.medecine-empirique.org\/?page_id=3044"},"modified":"2026-03-01T14:37:18","modified_gmt":"2026-03-01T14:37:18","slug":"resume-du-concept","status":"publish","type":"page","link":"https:\/\/lightlifesystem.com\/?page_id=3044","title":{"rendered":"R\u00e9sum\u00e9 du concept"},"content":{"rendered":"<h1>Concept<\/h1>\n<h1>Concept<\/h1>\n<h1>R\u00e9sum\u00e9 du concept<\/p>\n<\/h1>\n<div>Tous les \u00eatres sur cette terre sont constamment immerg\u00e9s dans un oc\u00e9an d&#8217;\u00e9nergie. Insignifiants comme une goutte d&#8217;eau dans l&#8217;oc\u00e9an, chaque \u00eatre existe entre le vide et l&#8217;\u00e9nergie, toujours en son sein, sans comprendre son environnement.<\/div>\n<div>Pourtant, tout ce qui le compose provient de la terre et de l&#8217;espace, et tout ce dont il a besoin pour assurer.son existence provient \u00e9galement de l\u00e0.\n<\/div>\n<div>La compr\u00e9hension de la nature complexe de l&#8217;\u00eatre humain, la pr\u00e9servation de son existence, ainsi que la r\u00e9solution des d\u00e9s\u00e9quilibres qui l&#8217;affectent, d\u00e9pendent de cette \u00e9nergie absolue. Ainsi, l&#8217;activation de tout processus m\u00e9tabolique ou \u00e9nerg\u00e9tique naturel dans tout corps humain d\u00e9pend irr\u00e9m\u00e9diablement de l&#8217;existence de cette \u00e9nergie sup\u00e9rieure pour la vie, qui guide l&#8217;\u00eatre vers l&#8217;\u00e9veil et le plein d\u00e9veloppement de son potentiel humain, ainsi que vers l&#8217;am\u00e9lioration de son fonctionnement organique et m\u00e9taphysique.<\/div>\n<p><!--more--><br \/>\n<!-- {\"type\":\"layout\",\"children\":[{\"type\":\"section\",\"props\":{\"header_transparent\":true,\"header_transparent_noplaceholder\":true,\"header_transparent_text_color\":\"light\",\"image_position\":\"center-center\",\"padding_bottom\":\"none\",\"padding_top\":\"none\",\"preserve_color\":true,\"style\":\"default\",\"title_breakpoint\":\"xl\",\"title_position\":\"top-left\",\"title_rotation\":\"left\",\"vertical_align\":\"\",\"width\":\"\"},\"children\":[{\"type\":\"row\",\"props\":{\"height\":\"viewport\",\"height_viewport_offset\":true},\"children\":[{\"type\":\"column\",\"props\":{\"image_position\":\"center-center\",\"image_size\":\"cover\",\"padding\":\"none\",\"position_sticky\":\"section\",\"position_sticky_breakpoint\":\"\",\"video\":\"wp-content\/uploads\/6.mp4\"}}]},{\"type\":\"row\",\"props\":{\"css\":\".el-row {\\n    position: relative;\\n    z-index: 1;\\n    margin-top: -100vh;\\n}\",\"height\":\"viewport\"},\"children\":[{\"type\":\"column\",\"props\":{\"image_position\":\"center-center\",\"position_sticky_breakpoint\":\"m\",\"text_color\":\"light\",\"vertical_align\":\"middle\"},\"children\":[{\"type\":\"image\",\"props\":{\"animation\":\"parallax\",\"block_align\":\"center\",\"image\":\"\",\"image_loading\":true,\"image_svg_color\":\"emphasis\",\"image_width\":99,\"margin_bottom\":\"small\",\"margin_top\":\"small\",\"maxwidth\":\"xlarge\",\"parallax_blur\":\"50\",\"parallax_opacity\":\"1,0,0\",\"parallax_scale\":\"0.5\",\"parallax_start\":\"55vh + 50%\",\"position\":\"relative\",\"position_z_index\":\"1\",\"text_align\":\"left\",\"text_align_breakpoint\":\"l\",\"text_align_fallback\":\"left\"}},{\"type\":\"headline\",\"props\":{\"animation\":\"parallax\",\"content\":\"Concept\",\"image_align\":\"left\",\"image_margin\":\"xsmall\",\"margin_top\":\"remove\",\"parallax_opacity\":\"1,0,0\",\"parallax_scale\":\"0.5\",\"parallax_start\":\"55vh + 50%\",\"position\":\"relative\",\"position_z_index\":\"1\",\"text_align\":\"center\",\"title_color\":\"secondary\",\"title_element\":\"h1\",\"title_style\":\"heading-2xlarge\",\"visibility\":\"s\"}},{\"type\":\"headline\",\"props\":{\"animation\":\"parallax\",\"content\":\"\",\"image_align\":\"left\",\"image_margin\":\"xsmall\",\"margin_top\":\"remove\",\"parallax_opacity\":\"1,0,0\",\"parallax_scale\":\"0.5\",\"parallax_start\":\"55vh + 50%\",\"position\":\"relative\",\"position_z_index\":\"1\",\"text_align\":\"center\",\"title_color\":\"secondary\",\"title_element\":\"h1\",\"title_style\":\"heading-small\",\"visibility\":\"s\"}},{\"type\":\"headline\",\"props\":{\"animation\":\"parallax\",\"content\":\"Concept\",\"image_align\":\"left\",\"image_margin\":\"xsmall\",\"margin_top\":\"remove\",\"parallax_blur\":\"50\",\"parallax_opacity\":\"1,0,0\",\"parallax_scale\":\"0.5\",\"parallax_start\":\"50vh + 50%\",\"position\":\"relative\",\"position_z_index\":\"1\",\"text_align\":\"center\",\"title_element\":\"h1\",\"title_style\":\"heading-2xlarge\",\"visibility\":\"hidden-s\"}}]}]}],\"name\":\"Hero\"},{\"name\":\"01\",\"type\":\"section\",\"props\":{\"animation\":\"fade\",\"animation_delay\":\"200\",\"header_transparent\":true,\"header_transparent_noplaceholder\":true,\"header_transparent_text_color\":\"dark\",\"id\":\"01\",\"image_loading\":true,\"image_position\":\"center-center\",\"image_width\":\"1300\",\"padding_bottom\":\"xlarge\",\"padding_top\":\"large\",\"preserve_color\":true,\"style\":\"default\",\"title_breakpoint\":\"xl\",\"title_position\":\"top-left\",\"title_rotation\":\"left\",\"vertical_align\":\"\",\"width\":\"xsmall\"},\"children\":[{\"type\":\"row\",\"props\":{\"column_gap\":\"large\",\"row_gap\":\"large\"},\"children\":[{\"type\":\"column\",\"props\":{\"image_position\":\"center-center\",\"position_sticky_breakpoint\":\"m\"},\"children\":[{\"type\":\"headline\",\"props\":{\"block_align\":\"center\",\"content\":\"R\u00e9sum\u00e9 du concept\\n\\n\\n\",\"id\":\"01\",\"image_align\":\"left\",\"image_margin\":\"xsmall\",\"margin_bottom\":\"default\",\"maxwidth\":\"2xlarge\",\"maxwidth_breakpoint\":\"m\",\"text_align\":\"left\",\"text_align_breakpoint\":\"m\",\"text_align_fallback\":\"left\",\"title_color\":\"warning\",\"title_element\":\"h1\",\"title_style\":\"heading-large\"},\"name\":\"01\"},{\"type\":\"text\",\"props\":{\"block_align\":\"center\",\"column_breakpoint\":\"m\",\"content\":\"Tous les \u00eatres sur cette terre sont constamment immerg\u00e9s dans un oc\u00e9an d'\u00e9nergie. Insignifiants comme une goutte d'eau dans l'oc\u00e9an, chaque \u00eatre existe entre le vide et l'\u00e9nergie, toujours en son sein, sans comprendre son environnement.\",\"dropcap\":false,\"margin_bottom\":\"medium\",\"margin_top\":\"medium\",\"maxwidth_breakpoint\":\"m\",\"text_align\":\"left\",\"text_style\":\"lead\"}},{\"type\":\"text\",\"props\":{\"block_align\":\"center\",\"column_breakpoint\":\"m\",\"content\":\"Pourtant, tout ce qui le compose provient de la terre et de l'espace, et tout ce dont il a besoin pour assurer.son existence provient \u00e9galement de l\u00e0.\\n\",\"dropcap\":false,\"margin_bottom\":\"medium\",\"margin_top\":\"medium\",\"maxwidth_breakpoint\":\"m\",\"text_align\":\"left\",\"text_style\":\"lead\"}},{\"type\":\"text\",\"props\":{\"block_align\":\"center\",\"column_breakpoint\":\"m\",\"content\":\"La compr\u00e9hension de la nature complexe de l'\u00eatre humain, la pr\u00e9servation de son existence, ainsi que la r\u00e9solution des d\u00e9s\u00e9quilibres qui l'affectent, d\u00e9pendent de cette \u00e9nergie absolue. Ainsi, l'activation de tout processus m\u00e9tabolique ou \u00e9nerg\u00e9tique naturel dans tout corps humain d\u00e9pend irr\u00e9m\u00e9diablement de l'existence de cette \u00e9nergie sup\u00e9rieure pour la vie, qui guide l'\u00eatre vers l'\u00e9veil et le plein d\u00e9veloppement de son potentiel humain, ainsi que vers l'am\u00e9lioration de son fonctionnement organique et m\u00e9taphysique.\",\"dropcap\":false,\"margin_bottom\":\"medium\",\"margin_top\":\"medium\",\"maxwidth_breakpoint\":\"m\",\"text_align\":\"left\",\"text_style\":\"lead\"}}]}]}]}],\"version\":\"5.0.12\"} --><\/p>\n","protected":false},"excerpt":{"rendered":"<p>Concept Concept R\u00e9sum\u00e9 du concept Tous les \u00eatres sur cette terre sont constamment immerg\u00e9s dans un oc\u00e9an d&#8217;\u00e9nergie. Insignifiants comme une goutte d&#8217;eau dans l&#8217;oc\u00e9an, chaque \u00eatre existe entre le vide et l&#8217;\u00e9nergie, toujours en son sein, sans comprendre son environnement. Pourtant, tout ce qui le compose provient de la terre et de l&#8217;espace, et [&hellip;]<\/p>\n","protected":false},"author":1,"featured_media":0,"parent":0,"menu_order":0,"comment_status":"closed","ping_status":"closed","template":"","meta":{"_themeisle_gutenberg_block_has_review":false,"footnotes":""},"class_list":["post-3044","page","type-page","status-publish","hentry"],"_links":{"self":[{"href":"https:\/\/lightlifesystem.com\/index.php?rest_route=\/wp\/v2\/pages\/3044","targetHints":{"allow":["GET"]}}],"collection":[{"href":"https:\/\/lightlifesystem.com\/index.php?rest_route=\/wp\/v2\/pages"}],"about":[{"href":"https:\/\/lightlifesystem.com\/index.php?rest_route=\/wp\/v2\/types\/page"}],"author":[{"embeddable":true,"href":"https:\/\/lightlifesystem.com\/index.php?rest_route=\/wp\/v2\/users\/1"}],"replies":[{"embeddable":true,"href":"https:\/\/lightlifesystem.com\/index.php?rest_route=%2Fwp%2Fv2%2Fcomments&post=3044"}],"version-history":[{"count":8,"href":"https:\/\/lightlifesystem.com\/index.php?rest_route=\/wp\/v2\/pages\/3044\/revisions"}],"predecessor-version":[{"id":3334,"href":"https:\/\/lightlifesystem.com\/index.php?rest_route=\/wp\/v2\/pages\/3044\/revisions\/3334"}],"wp:attachment":[{"href":"https:\/\/lightlifesystem.com\/index.php?rest_route=%2Fwp%2Fv2%2Fmedia&parent=3044"}],"curies":[{"name":"wp","href":"https:\/\/api.w.org\/{rel}","templated":true}]}}